i. Let w(t) = n(t) + 5*u(t). Give w(-2).
2
Suppose 0 = -3*n - 5 + 14. Suppose 21 - 6 = n*v. Let l(z) be the first derivative of z**3/3 - 2*z**2 + 2*z + 1. Calculate l(v).
7
Let n(d) be the first derivative of 5/2*d**2 - 1/3*d**3 - 4 + 4*d. Give n(5).
4
Suppose 0 = 2*p - 0*p + 2*w + 4, 2*w = 4*p + 8. Let l(z) = z**3 + 2*z**2 + 2. Calculate l(p).
2
Let w(f) = f**3 - 3*f + 7 + f - 2 + 0*f - 4*f**2. Give w(4).
-3
Let r(a) = -4*a. Suppose -16 = -2*w - 3*w + 3*h, 2*h = 4*w - 12. Let p be (w/4)/(2/(-8)). Determine r(p).
8
Suppose -5*h + 7*d = 9*d - 30, 5*d - 24 = -4*h. Let m(y) = y**2 - 6*y - 1. Determine m(h).
-1
Suppose 2*v - 65 = -19. Suppose v = 3*i + 5. Let c be (i + -7)/(1/5). Let h(p) = -p**3 - 5*p**2 - p - 7. Determine h(c).
-2
Let l = 22 + -29. Let n(m) = -m - 10. Calculate n(l).
-3
Suppose x + 10 = -3*g + 32, -5*x - g = -124. Let y(q) = -30*q - 8 + 1 + q**2 + x*q. Determine y(6).
-1
Let u(t) = -9*t**3 - t**2 + 2*t - 1. Suppose 3*y + 3 = 6. Suppose -y = -d + 4. Suppose -3*i = 5*s - 11 - 2, 0 = d*i + 5*s - 15. Determine u(i).
-9
Suppose 8 = -0*y + 2*y. Suppose 9*b - y*b = 10. Suppose b*x + 3 = x. Let s(m) = m**2 + m - 1. Give s(x).
5
Let t = 5 + -3. Let w(q) = 2*q + 1. Let r(s) = s - 1. Let l(b) = 3*r(b) - w(b). Determine l(t).
-2
Let w(d) be the third derivative of -3*d**5/20 + d**3/6 - 5*d**2. Give w(-1).
-8
Let a be 3 + 3/((-3)/2). Let v(f) = -10*f**3 + f - 1. Let n = 12 - 14. Let x(r) = 9*r**3 - r + 1. Let z(l) = n*v(l) - 3*x(l). Determine z(a).
-7
Suppose -2*r = 4*h + 8, 0*r - 5*h - 19 = -2*r. Let q = r + -4. Let l be -3*q*1/6. Let f(s) = -7*s - 1. Determine f(l).
-8
Suppose 0 = 3*l - 19 + 7. Let w(r) = 0*r + r + 0 - l. What is w(5)?
1
Let b(s) = -5*s + 37. Let j be b(7). Let l(u) = 2*u**3 - 4*u**2 + 3*u - 2. Give l(j).
4
Let t be (4/(-10))/(7/70). Let r(n) = n + 1. Let y(d) = -2*d + 4. Let q(s) = -3*r(s) - y(s). Determine q(t).
-3
Let a(f) = f - 1. Let d be -1 - (0 - 1 - 0). Suppose -3*j = -d*j + 9. Determine a(j).
-4
Let s = 1 - -1. Let r(h) = 0*h**s - h**2 - 5*h + 3*h + 2. What is r(-3)?
-1
Let b(s) = -s**2 + s. Let m = -17 - -7. Suppose -21 - 67 = 8*n. Let f = m - n. Calculate b(f).
0
Suppose -y - 3 = 2*y. Let u(g) = -4*g + 1. What is u(y)?
5
Suppose 0*t - t - 5 = 0. Let y be (t + 3)/((-2)/(-4)). Let f(m) = 2*m + 4. What is f(y)?
-4
Let a = -19 + 50. Let f be 18/(-99) - a/11. Let w(t) = -t**2 - 2*t + 1. Calculate w(f).
-2
Let l(c) = 5*c**3 - c + 1. Let n(u) = 3*u**2 + u - 1. Let o be n(1). Let y(h) = -3 + 1 - h - o*h - h**2. Let j be y(-3). Calculate l(j).
5
Let f(o) be the third derivative of o**5/15 - o**3/6 - 3*o**2. Determine f(1).
3
Let h be 3/2*6/3. Let f(t) = t**3 - 3*t**2 - 4*t + 3. Calculate f(h).
-9
Let j = 3 + -7. Let c(q) = -3 - 2 - 3 - 1 - q. What is c(j)?
-5
Suppose 6 = -2*g + 2. Let k(y) = -5 - 9*y + 2 - 4*y - 6. Let b(t) = 6*t + 4. Let a(c) = 9*b(c) + 4*k(c). Give a(g).
-4
Let d(l) be the first derivative of l**3/3 + 3*l**2/2 - l + 14. Let y be (-5)/(-3)*(-1 + -2). What is d(y)?
9
Let k(f) = -f**2 - 9*f - 3. Let r be k(-8). Let o(w) be the third derivative of -w**5/60 + w**4/4 - w**3 + 2*w**2. Determine o(r).
-1
Suppose 5*u = -0*u + 40. Let n(c) = -c**3 + 8*c**2 + c - 9. Calculate n(u).
-1
Suppose a = -4*a + 15, -5*o = -5*a - 10. Let s(x) = 0*x + 1 + 1 - 2*x. Calculate s(o).
-8
Let w(z) be the first derivative of -z**2/2 - 4*z - 6. Determine w(0).
-4
Let p be ((-2)/(-3))/(2/15). Let b(l) = 0 + l - 4*l + 4 + 4*l. Give b(p).
9
Let z(a) = -a + 9. Let o be 1*(-1)/(2/(-18)). Let s be z(o). Let i(v) = v - 6. Give i(s).
-6
Let n(i) = i**3 + 6*i**2 + 5*i + 5. Let z be 1/(6/15)*-2. Give n(z).
5
Let p(x) = -6*x**3 - 6*x**2 - 2*x - 11. Let l(i) = -i**3 + i - 1. Let r(n) = 5*l(n) - p(n). Calculate r(-5).
-4
Let d(b) = -b**3 + 5. Let m(a) = -a**3 + 2*a**2 - 3*a + 2. Let h be m(1). Calculate d(h).
5
Let o(k) be the first derivative of -k**3/3 + k**2 + 4*k - 28. What is o(4)?
-4
Let s(v) = -v + 5. Let j(r) = -r**3 + 6*r**2 - 7*r + 4. Let z be j(5). Let i be ((-9)/3)/(z/(-4)). Let a be (i/5)/(4/(-40)). Give s(a).
1
Let x(q) be the second derivative of q**5/20 + q**4/4 - q**3/2 - 2*q**2 + q. Let l = -3 + 1. Let u be -2 + 2 + -2 + l. Give x(u).
-8
Let l(c) = c**2 + 5*c + 4. Let g be l(-4). Suppose g = 5*j - 112 + 27. Suppose -5*a - 4*u + 7 = -j, 4*u + 8 = 3*a. Let o(z) = -z**2 + 5*z - 4. Calculate o(a).
0
Let y(f) = -f**3 - 4*f**2 - 3*f - 4. Let s be y(-4). Let m = s + -6. Let x(i) = -2 + 0 + 0*i**2 + i**m. Give x(-3).
7
Let u = 47 + -42. Let t(s) be the third derivative of -s**6/120 + s**5/15 + s**4/4 + s**3/6 + s**2. Calculate t(u).
6
Let z(j) = -j**2 + j. Let y(f) = 3*f**2 - f + 2. Suppose 2 = 2*a - 2. Let g(t) = a*z(t) + y(t). Calculate g(0).
2
Suppose 4*u - 48 = -0*u. Let y = u + -7. Let a(o) = 2*o - 7. What is a(y)?
3
Suppose 0 = -4*b + 5*g + 14, 3*b + 2*b + 2*g - 1 = 0. Suppose -3*h + 0*h = 12. Let s = h + b. Let x(n) = n**2 + 2*n. Calculate x(s).
3
Let q = 10/73 - 1127/8760. Let m(t) be the third derivative of 1/24*t**4 - 1/60*t**5 + 0 + 7/6*t**3 + 0*t + t**2 + q*t**6. Calculate m(0).
7
Let p(a) = a**3 + 3*a**2 - 5*a + 5. Suppose 0 = -v + 1, -j + 5*v + 4 - 14 = 0. Give p(j).
-20
Let f(z) = -z**2 + 6*z + 4. Let w be f(6). Let a = -6 - w. Let j be a/(-4) - 2/4. Let l(c) = c. Calculate l(j).
2
Let r(g) = 3*g + 0 + 2 - g**2 + 0. Suppose -5*m + 8 = -3*m. Give r(m).
-2
Let a(n) = 7*n**2 + 3. Suppose 0 = -3*h + 2*h - 2. Let z(x) = -4*x**2 - 1. Let t(k) = h*a(k) - 5*z(k). Give t(1).
5
Let w = -85 + 79. Let x(n) be the third derivative of 0*n + n**2 + 4/3*n**3 + 0 + 1/24*n**4. Give x(w).
2
Let k(z) = z**3 - 2*z**2 - z - 1. Suppose 2*a - 1 + 7 = 0, -3*d + 3 = a. Suppose -d*o + 7 + 11 = 0. Let j = o + -6. Calculate k(j).
5
Let d(z) = -z**3 - 3*z**2 + 4*z - 3. Let a = -8 - -16. Suppose 0 = -2*j + 6*j - a. Suppose n + j = -3*u + 7, 4*n + u + 13 = 0. Determine d(n).
-3
Suppose 4*d + 0*d = 28. Let b = 4 + -4. Let y(c) = -1 + b - d*c - c. Give y(-1).
7
Let q(a) = a**3 + 6*a**2 - 9*a - 1. Let j = 21 - 28. Determine q(j).
13
Let c be (-6)/(-2) + 4 + -7. Let v be (4 + c)*(-3)/(-6). Suppose -4*r = -y - 17, 3*r + 0*r - v*y - 14 = 0. Let f(q) = q**2 - 5*q + 5. Calculate f(r).
1
Let z be 0/(1*-2) + 0. Let l be 4/3 - 24/(-36). Let x(q) = -7 - q - q**2 + l + 0*q**3 - q**3. What is x(z)?
-5
Let y(w) = 2*w**2 + 2*w + 4. Let j(f) = f**2 + 2*f + 3. Let x(h) = -5*j(h) + 4*y(h). Determine x(1).
2
Let w(d) be the second derivative of 1/20*d**5 + 0 - 1/3*d**4 + 0*d**2 + 0*d**3 - 2*d. Let k(x) = 4*x**2 + x + 1. Let o be k(-1). Give w(o).
0
Let b = 4 - -16. Suppose y = -4*y + b. Let f(p) be the third derivative of -p**4/24 - p**3/2 + 5*p**2. Determine f(y).
-7
Let n(t) = t**3 + 5*t**2 - t + 1. Let i = -15 + 11. Let a be 4 + i - 3*-1. Suppose 25 = -a*b - 2*b. What is n(b)?
6
Let c(i) = 0*i**2 - 3 - 3*i**2 + 2*i + 2*i**2. Give c(3).
-6
Let u(s) = -2*s + 3. Let x(p) be the third derivative of p**5/12 - p**3/6 + 3*p**2. Let n be x(-1). Give u(n).
-5
Let a(w) = w + 1. Suppose -m = -2*m. Suppose 44 = 5*d - 2*t + 4, 5*d - 5*t - 40 = m. Suppose 0*f - d = 2*f. Determine a(f).
-3
Let c(n) = 2*n**2 - n + 4. Let s(j) = 3*j**2 - 2*j + 7. Let o(y) = 5*c(y) - 3*s(y). Give o(-2).
1
Let r(s) = s**2 + s - 8. Let j(b) = -b**2 - b + 7. Let c(x) = -6*j(x) - 5*r(x). Suppose -11 - 4 = 5*f. Determine c(f).
4
Let l(j) = -5*j**2 - j + 1. Let v be l(1). Let t(u) be the third derivative of -u**4/12 + u**3/6 + u**2. What is t(v)?
11
Let i = 12 - 9. Let k(g) = -2 + i*g - 3*g + g. Suppose -x = 0, -x = -4*d + x - 12. What is k(d)?
-5
Let z(n) = 2*n - 33. Let r be z(14). Let x(k) = -k**3 - 6*k**2 - 3*k + 5. Determine x(r).
-5
Let l(b) = 8*b**2. Suppose p - 1 - 4 = 0. Suppose -10*a + 10 + 20 = 0. Suppose -w + a = 4*d, 5*d - p - 1 = w. Give l(d).
8
Suppose x = -4*x - 5. Let d(k) = -2*k. Give d(x).
2
Suppose -2*k + 23 = 3*z, 2*z = 6*z - 20. Let l(y) = -y + 4. Calculate l(k).
0
Suppose d + 0*d = 2. Suppose r + 3*h - 1 = 3*r, d*r + 13 = -h. Let o(g) = -g**2 - 6*g - 5. Give o(r).
0
Suppose -t - 7 = -2*k, -3*t = -3*k - k + 11. Let b(v) = -4 - 2*v**2 + v**3 - 3*v**2 + v**2 - 3*v. Determine b(k).
6
Let d(k) = k**3 + 7*k**2 + 3*k + 2. Let h(z) = -7*z**2 - z + 2. Let v be h(1). Determine d(v).
20
Let t(a) be the third derivative of -a**5/60 + a**4/8 - a**3/6 + 7*a**2. What is t(3)?
-1
Let s(t) be the